2 + 3*p + 24. What is x(-6)?
6
Let h(g) = -38*g**3 + 2*g**2 - 2*g + 1. Calculate h(1).
-37
Let z(n) = -7*n - 5. Give z(-8).
51
Let v(l) = -9*l + 56. Determine v(8).
-16
Let o(s) = 5*s**2 + 2*s - 15. Determine o(2).
9
Let i(t) = t**2 + 24*t - 128. Calculate i(5).
17
Let s(i) = 4*i + 5. What is s(-2)?
-3
Let j(l) = l**2 + 5*l - 26. What is j(-9)?
10
Let s(u) = -u**2 - 31*u + 264. Give s(-38).
-2
Let t(y) = -y**3 - 33*y**2 + 36*y + 62. What is t(-34)?
-6
Let v(n) = -n**2 - 11*n + 5. Give v(1).
-7
Let a(i) = -i**3 - 4*i**2 - 2*i + 1. Give a(-4).
9
Let s(p) = -23*p**2 + p - 1. Give s(1).
-23
Let z(n) = -n - 4. Calculate z(15).
-19
Let u(v) = 5*v**2 - 27*v + 3. What is u(6)?
21
Let v(p) = -3*p - 11. Determine v(-5).
4
Let g(h) = h**3 - 16*h**2 - 27*h + 4. Give g(-2).
-14
Let t(h) = -h**2 + h - 1. Give t(-5).
-31
Let r(v) = 6*v**3 + v**2 - 2. Determine r(-1).
-7
Let o(a) = -2*a**3 + 2*a**2 - 2. Give o(-2).
22
Let i(p) = -9*p - 22. Determine i(-3).
5
Let y(j) = 4*j + 13. Calculate y(-7).
-15
Let p(q) = 9*q**2 - 2*q + 7. What is p(-3)?
94
Let v(g) = -3*g**2 - 8*g + 6. Give v(1).
-5
Let j(m) = -m**2 + 2*m + 6. Calculate j(3).
3
Let b(d) = 2*d**2 - 6*d - 8. Calculate b(6).
28
Let y(x) = -6*x**2 - 3*x - 2. Calculate y(-1).
-5
Let s(i) = -4*i + 7. What is s(2)?
-1
Let v(u) = -34*u + 19. Give v(3).
-83
Let n(c) = -c**2 - 4*c - 2. Calculate n(-6).
-14
Let j(f) = -f**2 + 13*f - 13. Calculate j(10).
17
Let a(d) = 2*d - 2. Determine a(-2).
-6
Let b(t) = t**2 - 11*t - 11. What is b(13)?
15
Let o(c) = c - 66. What is o(8)?
-58
Let s(g) = 10*g**3 + 2*g**2 - 2*g + 1. Determine s(1).
11
Let z(i) = -i**3 + 9*i**2 - 8*i + 5. Give z(8).
5
Let k(b) = 6*b**2 + 4*b + 2. Calculate k(-2).
18
Let j(z) = -z**3 + 5*z**2 - 3*z - 9. Calculate j(3).
0
Let p(r) = 4*r**2 + 13*r - 7. Calculate p(-7).
98
Let t(g) = 2*g**2 - 4*g - 6. Give t(6).
42
Let g(w) = 32*w - 923. Calculate g(29).
5
Let f(a) = -2*a**2 + 13*a + 168. What is f(13)?
-1
Let b(u) = 2*u**2 + 3*u + 2. Give b(-2).
4
Let c(z) = -80*z + 4. Give c(0).
4
Let l(n) = 3*n - 4. Determine l(5).
11
Let t(w) = 4*w**2 + 4*w - 4. Determine t(-4).
44
Let p(n) = 3*n**3 + 14*n**2 + 10*n + 13. Give p(-4).
5
Let f(z) = z**3 + 20*z**2 + 19*z - 14. Determine f(-19).
-14
Let c(n) = -n + 5. Give c(-11).
16
Let b(v) = v**2 + 29*v + 43. Give b(-23).
-95
Let t(i) = i**2 + 12*i - 15. Determine t(-13).
-2
Let q(x) = x**2 - 4*x - 124. What is q(14)?
16
Let w(t) = -t**2 - 10*t - 24. Calculate w(-9).
-15
Let p(r) = -r - 25. Give p(-6).
-19
Let r(k) = 2*k**3 - k**2 - k - 4. Determine r(0).
-4
Let m(u) = -u**2 + 14*u + 220. Calculate m(23).
13
Let k(f) = -f**3 + 9*f**2 - 6*f + 17. Give k(7).
73
Let i(z) = z**2 - 5*z - 11. Determine i(11).
55
Let p(j) = -j**2 - 3*j + 100. Determine p(8).
12
Let w(y) = -y**2 + 5*y + 3. What is w(4)?
7
Let a(x) = -45*x - 316. Determine a(-7).
-1
Let x(h) = -3*h + 77. Calculate x(13).
38
Let x(g) = -32*g + 9. What is x(-3)?
105
Let d(i) = -i**3 - 4*i**2 + 5*i + 1. What is d(-5)?
1
Let z(j) = -144*j + 432. Determine z(3).
0
Let j(s) = 111*s**3 + 2*s**2 - 1. Determine j(-1).
-110
Let r(f) = 2*f**3 - 21*f**2 + 6*f + 65. Calculate r(10).
25
Let n(w) = -w + 12. Calculate n(0).
12
Let m(p) = p**2 + 11*p + 18. Give m(-9).
0
Let j(v) = -14*v - 2. Calculate j(-2).
26
Let t(s) = -s**3 + 5*s**2 - 7*s + 2. What is t(3)?
-1
Let s(y) = -2*y**2 + 30*y + 37. Determine s(16).
5
Let f(i) = -39*i + 3. Calculate f(0).
3
Let i(l) = 2*l**3 - 6*l**2 + 6*l - 7. Calculate i(4).
49
Let b(j) = -j**2 + 11*j + 9. Calculate b(12).
-3
Let k(d) = 6*d**3 - 168*d**2 + 4*d - 112. Give k(28).
0
Let p(a) = -7*a - 60. Give p(-9).
3
Let l(u) = u**3 - 40*u**2 + 37*u + 89. What is l(39)?
11
Let g(o) = -o**2 - 13*o + 70. Determine g(-19).
-44
Let g(o) = o**3 + 5*o**2 + 6*o + 6. Determine g(-3).
6
Let v(z) = -z**2 - 4*z + 14. Give v(11).
-151
Let a(j) = 23*j**3 - j**2 + 5*j - 5. What is a(1)?
22
Let j(w) = 26*w - 57. Calculate j(6).
99
Let i(d) = 15*d**3 + d**2 - 1. Calculate i(1).
15
Let d(g) = -g**3 + 16*g**2 - 19*g + 62. What is d(15)?
2
Let t(h) = -22*h + 3. Calculate t(-1).
25
Let u(x) = -2*x**2 + 68*x - 70. Calculate u(33).
-4
Let a(f) = -5*f - 2. Determine a(-2).
8
Let d(v) = 4*v**2 + 26*v + 15. What is d(-6)?
3
Let x(f) = f**3 - 20*f**2 - 9. What is x(20)?
-9
Let k(m) = 6*m**3 + 5*m**2 + 3*m. What is k(-1)?
-4
Let p(i) = i**2 - 16*i + 10. Give p(12).
-38
Let a(f) = 4*f + 4. Calculate a(5).
24
Let o(z) = -z**3 - 10*z**2 - 9*z + 3. Give o(-9).
3
Let i(k) = 40*k**3 - 3*k**2 + 2. Calculate i(-1).
-41
Let o(w) = 6*w - 35. Calculate o(7).
7
Let z(i) = i**2 - 26*i - 18. Determine z(27).
9
Let q(m) = -3*m + 19. Determine q(12).
-17
Let d(i) = -i**2 - 28*i - 37. Determine d(-27).
-10
Let h(q) = q**2 + 12*q + 18. Give h(-10).
-2
Let i(v) = v**3 + 3*v**2 - 7*v + 2. What is i(-5)?
-13
Let v(n) = -n**2 + 4*n + 119. Give v(0).
119
Let y(z) = -4*z**3 - z**2 + z - 4. Determine y(-3).
92
Let g(b) = -3*b**2 + 4*b. Determine g(2).
-4
Let c(d) = 2*d**2 + 16*d - 159. What is c(6)?
9
Let t(i) = -i + 6. Give t(-7).
13
Let w(s) = -s**2 + 12*s + 13. What is w(6)?
49
Let q(z) = -5*z**2 - 9*z - 14. Determine q(-6).
-140
Let z(w) = 52*w**3 + w + 1. Calculate z(-1).
-52
Let i(p) = 3*p - 19. Calculate i(8).
5
Let y(v) = v**2 + v - 1. Give y(0).
-1
Let b(n) = 111*n - 9. Give b(-1).
-120
Let z(p) = -26*p**2 + p - 14. Give z(3).
-245
Let h(n) = -n**3 - 3*n**2 - 3*n + 4. Determine h(-3).
13
Let n(k) = k - 6. Determine n(14).
8
Let k(j) = j**3 + j**2 - 4*j - 2. Give k(-3).
-8
Let r(a) = 2*a**3 - 9*a**2 - 4*a - 4. Give r(5).
1
Let y(k) = -3*k**3 - 4*k**2 - 3*k - 2. What is y(-2)?
12
Let z(t) = t**3 - 3*t**2 + 3*t - 4. Give z(3).
5
Let r(a) = -a**3 - 5*a**2 + 7*a + 1. Calculate r(-6).
-5
Let h(f) = 2*f**3 - 3*f + 5. Determine h(-2).
-5
Let g(r) = r**3 + 7*r**2 + r + 67. Determine g(-8).
-5
Let p(n) = -n**2 + 11*n + 26. Give p(12).
14
Let n(y) = 80*y - 313. Give n(4).
7
Let h(g) = -4*g - 4. Give h(-8).
28
Let x(w) = w**3 + 15*w**2 + 15*w + 12. Calculate x(-14).
-2
Let l(s) = -s**2 + 12*s - 2. What is l(11)?
9
Let a(z) = 5*z**3 + 4*z**2 + z - 2. Determine a(-2).
-28
Let m(g) = 3*g - 7. Give m(-5).
-22
Let l(p) = -p - 13. Calculate l(-7).
-6
Let w(b) = 44*b - 47. Give w(1).
-3
Let f(a) = -a**3 + 3*a**2 + 3*a + 19. Calculate f(5).
-16
Let b(t) = 5*t - 17. Give b(5).
8
Let i(j) = j**2 + 16*j + 4. Give i(-19).
61
Let b(m) = m**2 + 9*m + 5. Give b(-7).
-9
Let z(k) = -9*k**2 + 4*k + 14. Determine z(-2).
-30
Let y(l) = -4*l**2 - 2*l + 9. What is y(-5)?
-81
Let r(o) = 14*o. Calculate r(1).
14
Let j(d) = -19*d**2 + 16*d + 2. Calculate j(-1).
-33
Let m(v) = 19*v - 115. What is m(6)?
-1
Let p(o) = o**3 + 9*o**2 + 7*o - 10. What is p(-8)?
-2
Let k(u) = u**2 + 6*u + 9. Calculate k(-6).
9
Let x(c) = -c - 2. What is x(7)?
-9
Let t(d) = 27*d + 229. Give t(-9).
-14
Let b(c) = -3*c - 49. Determine b(-18).
5
Let w(a) = -a**2 + 5*a + 15. Determine w(-6).
-51
Let y(i) = i**3 - 6*i**2 + 8*i - 5. Give y(3).
-8
Let c(n) = n**2 + 11*n - 3. Calculate c(-6).
-33
Let o(y) = y**3 - 17*y**2 + 34*y - 51. Determine o(15).
9
Let h(i) = -i + 23. What is h(19)?
4
Let c(p) = 2*p - 5. Calculate c(6).
7
Let y(z) = -z - 33. Give y(0).
-33
Let l(j) = -j**3 - 5*j**2 + 7*j + 8. Give l(-6).
2
Let d(j) = -j**3 + 5*j**2 - 6*j + 22. Give d(5).
-8
Let u(c) = -19*c**2 - 171*c - 8. Give u(-9).
-8
Let p(d) = -12*d + 21. Give p(4).
-27
Let a(f) = -f - 41. Calculate a(-16).
-25
Let f(w) = w**3 + w - 25. Calculate f(0).
-25
Let z(q) = 2*q**2 - 10*q - 10. What is z(8)?
38
Let x(i) = -24*i - 85. What is x(-6)?
59
Let o(v) = 10*v - 2. Calculate o(3).
28
Let u(x) = 2*x + 26. Determine u(11).
48
Let k(b) = -b**2 + 2*b + 13. Determine k(7).
-22
Let u(r) = r**2 - 18*r + 1. Determine u(6).
-71
Let t(m) = 3*m + 11. Give t(-4).
-1
Let v(d) = 2*d**3 - 7*d**2 + 4*d + 11. Calculate v(3).
14
Let m(f) = -f**3 - 6*f**2 + 3*f + 9. What is m(-6)?
-9
Let r(u) = -4*u - 42. Calculate r(-10).
-2
Let f(i) = i**3 - 9*i**2 + i + 5. Calculate f(9).
14
Let t(d) = -7*d**3 + 3*d**2 - 3*d + 3. Calculate t(2).
-47
Let s(c) = -c**3 + 25*c**2 + 2*c - 46. Determine s(25).
4
Let w(d) = d**3 + 6*d**2 - 3*d - 20. Give w(-6).
-2
Let s(b) = 59*b - 108. Determine s(2).
10
Let q(c) = 11*c**3 - 3*c**2 - 5*c. Determine q(-2).
-90
Let j(b) = 8*b - 3. What is j(-4)?
-35
Let a(v) = 7*v 